 remainder when 261 is divided by 36.
9
Calculate the remainder when 244 is divided by 82.
80
What is the remainder when 189 is divided by 8?
5
What is the remainder when 265 is divided by 23?
12
What is the remainder when 1602 is divided by 72?
18
Calculate the remainder when 653 is divided by 74.
61
Calculate the remainder when 731 is divided by 7.
3
What is the remainder when 1379 is divided by 30?
29
What is the remainder when 539 is divided by 4?
3
Calculate the remainder when 278 is divided by 88.
14
Calculate the remainder when 85 is divided by 11.
8
Calculate the remainder when 254 is divided by 169.
85
What is the remainder when 67 is divided by 17?
16
Calculate the remainder when 284 is divided by 26.
24
What is the remainder when 85 is divided by 77?
8
Calculate the remainder when 11 is divided by 3.
2
Calculate the remainder when 132 is divided by 50.
32
What is the remainder when 247 is divided by 48?
7
What is the remainder when 251 is divided by 88?
75
Calculate the remainder when 176 is divided by 171.
5
What is the remainder when 344 is divided by 164?
16
What is the remainder when 952 is divided by 85?
17
What is the remainder when 103 is divided by 5?
3
What is the remainder when 16762 is divided by 35?
32
What is the remainder when 35 is divided by 8?
3
What is the remainder when 205 is divided by 8?
5
Calculate the remainder when 220 is divided by 133.
87
Calculate the remainder when 304 is divided by 102.
100
Calculate the remainder when 50 is divided by 22.
6
What is the remainder when 92 is divided by 49?
43
What is the remainder when 346 is divided by 88?
82
What is the remainder when 374 is divided by 47?
45
What is the remainder when 164 is divided by 60?
44
Calculate the remainder when 42 is divided by 19.
4
What is the remainder when 464 is divided by 120?
104
Calculate the remainder when 7195 is divided by 30.
25
What is the remainder when 371 is divided by 127?
117
Calculate the remainder when 1453 is divided by 44.
1
Calculate the remainder when 213 is divided by 30.
3
What is the remainder when 199 is divided by 52?
43
What is the remainder when 506 is divided by 8?
2
What is the remainder when 88 is divided by 15?
13
Calculate the remainder when 1444 is divided by 356.
20
What is the remainder when 535 is divided by 136?
127
Calculate the remainder when 1958 is divided by 70.
68
Calculate the remainder when 162 is divided by 41.
39
What is the remainder when 811 is divided by 58?
57
Calculate the remainder when 19265 is divided by 19.
18
What is the remainder when 417 is divided by 24?
9
What is the remainder when 414 is divided by 60?
54
Calculate the remainder when 263 is divided by 24.
23
Calculate the remainder when 4350 is divided by 149.
29
What is the remainder when 123 is divided by 34?
21
Calculate the remainder when 227 is divided by 4.
3
Calculate the remainder when 502 is divided by 502.
0
Calculate the remainder when 1260 is divided by 56.
28
What is the remainder when 3834 is divided by 16?
10
What is the remainder when 1905 is divided by 1868?
37
What is the remainder when 724 is divided by 15?
4
Calculate the remainder when 4499 is divided by 30.
29
Calculate the remainder when 2050 is divided by 158.
154
What is the remainder when 2230 is divided by 17?
3
What is the remainder when 53 is divided by 29?
24
Calculate the remainder when 330 is divided by 26.
18
Calculate the remainder when 2362 is divided by 588.
10
What is the remainder when 1942 is divided by 25?
17
Calculate the remainder when 694 is divided by 193.
115
Calculate the remainder when 2227 is divided by 1110.
7
What is the remainder when 597 is divided by 199?
0
What is the remainder when 13266 is divided by 214?
212
Calculate the remainder when 370 is divided by 22.
18
Calculate the remainder when 2404 is divided by 83.
80
Calculate the remainder when 847 is divided by 17.
14
What is the remainder when 332 is divided by 67?
64
What is the remainder when 374 is divided by 33?
11
Calculate the remainder when 501 is divided by 120.
21
What is the remainder when 112 is divided by 19?
17
What is the remainder when 2187 is divided by 139?
102
Calculate the remainder when 230 is divided by 111.
8
What is the remainder when 163 is divided by 26?
7
What is the remainder when 8176 is divided by 122?
2
Calculate the remainder when 296 is divided by 105.
86
Calculate the remainder when 6159 is divided by 28.
27
Calculate the remainder when 22 is divided by 5.
2
Calculate the remainder when 154 is divided by 45.
19
What is the remainder when 27 is divided by 20?
7
What is the remainder when 181 is divided by 85?
11
Calculate the remainder when 251 is divided by 51.
47
What is the remainder when 97 is divided by 3?
1
What is the remainder when 685 is divided by 108?
37
What is the remainder when 4355 is divided by 1088?
3
What is the remainder when 2085 is divided by 2085?
0
What is the remainder when 5847 is divided by 50?
47
What is the remainder when 3035 is divided by 19?
14
Calculate the remainder when 2848 is divided by 39.
1
What is the remainder when 1295 is divided by 258?
5
What is the remainder when 1802 is divided by 33?
20
Calculate the remainder when 836 is divided by 402.
32
What is the remainder when 1003 is divided by 64?
43
What is the remainder when 682 is divided by 36?
34
What is the remainder when 5826 is divided by 969?
12
What is the remainder when 142 is divided by 85?
57
What is the remainder when 1586 is divided by 396?
2
What is the remainder when 71 is divided by 26?
19
What is the remainder when 712 is divided by 352?
8
What is the remainder when 416 is divided by 51?
8
Calculate the remainder when 13105 is divided by 230.
225
What is the remainder when 376 is divided by 32?
24
What is the remainder when 1879 is divided by 235?
234
What is the remainder when 2620 is divided by 1302?
16
What is the remainder when 28 is divided by 28?
0
Calculate the remainder when 146 is divided by 44.
14
What is the remainder when 88 is divided by 9?
7
Calculate the remainder when 163 is divided by 83.
80
What is the remainder when 580 is divided by 7?
6
What is the remainder when 1371 is divided by 1341?
30
What is the remainder when 293 is divided by 7?
6
What is the remainder when 261 is divided by 22?
19
Calculate the remainder when 132 is divided by 128.
4
Calculate the remainder when 546 is divided by 163.
57
Calculate the remainder when 2078 is divided by 20.
18
Calculate the remainder when 471 is divided by 46.
11
Calculate the remainder when 627 is divided by 21.
18
Calculate the remainder when 185 is divided by 16.
9
What is the remainder when 158 is divided by 33?
26
Calculate the remainder when 503 is divided by 42.
41
What is the remainder when 331 is divided by 68?
59
What is the remainder when 5211 is divided by 326?
321
Calculate the remainder when 586 is divided by 85.
76
What is the remainder when 463 is divided by 29?
28
Calculate the remainder when 689 is divided by 77.
73
What is the remainder when 1023 is divided by 64?
63
Calculate the remainder when 634 is divided by 207.
13
What is the remainder when 235 is divided by 40?
35
What is the remainder when 119 is divided by 6?
5
Calculate the remainder when 363 is divided by 20.
3
What is the remainder when 17952 is divided by 189?
186
What is the remainder when 79 is divided by 40?
39
Calculate the remainder when 2753 is divided by 53.
50
Calculate the remainder when 372 is divided by 65.
47
What is the remainder when 117 is divided by 7?
5
What is the remainder when 63 is divided by 12?
3
What is the remainder when 91 is divided by 12?
7
What is the remainder when 21463 is divided by 81?
79
What is the remainder when 1781 is divided by 108?
53
Calculate the remainder when 235 is divided by 34.
31
What is the remainder when 1083 is divided by 354?
21
What is the remainder when 58 is divided by 44?
14
Calculate the remainder when 339 is divided by 30.
9
Calculate the remainder when 130 is divided by 19.
16
Calculate the remainder when 70 is divided by 10.
0
Calculate the remainder when 745 is divided by 414.
331
Calculate the remainder when 420 is divided by 83.
5
What is the remainder when 3871 is divided by 19?
14
What is the remainder when 88 is divide